uppose -9*s + 75 = 3. Suppose s*b - 357 = 347. What are the prime factors of b?
2, 11
Let t(x) = x**3 + 4*x**2 + 2*x + 1. Let m be t(-4). Let b = m - -22. List the prime factors of b.
3, 5
Suppose 3*d = 6*d - 27. Let n = d - 13. Let y = 2 - n. What are the prime factors of y?
2, 3
Let n = -127 - -352. Suppose 0 = 13*x - 16*x + n. What are the prime factors of x?
3, 5
List the prime factors of 0 + 4 + 435/6*8.
2, 73
Let r(t) = -2*t**2 - 4*t + 3. Let g be r(2). Let q(x) = x**3 + 12*x**2 - 13*x + 1. Let b be q(g). Let f(s) = 15*s + 2. What are the prime factors of f(b)?
17
Suppose -2*k = -3*h + 1864, h - 1888 = -2*h - 4*k. What are the prime factors of h?
2, 3, 13
Let t = -31 + 27. Let u(f) = 2*f + 8. Let i be u(t). Suppose 2*r + 2*y - 48 = i, 0*y + 3*y - 100 = -4*r. List the prime factors of r.
2, 7
What are the prime factors of 13/(-39) + 824/6?
137
Let v(u) be the second derivative of -u**5/20 - 3*u**4/4 + 7*u**3/6 + 15*u**2/2 - 17*u. What are the prime factors of v(-10)?
3, 5
Let b(x) = x**3 - 7*x**2 + 7*x - 6. Let w be b(6). Suppose -2*l = 2, w*u - 3*u - l = -296. Suppose u = 8*k - 5*k. What are the prime factors of k?
3, 11
Suppose k - 19 - 59 = 0. What are the prime factors of k?
2, 3, 13
Suppose 2*t = l - 30, 5*l - 70 = 2*l + 2*t. What are the prime factors of l?
2, 5
Let m = 680 - 163. What are the prime factors of m?
11, 47
Let u(a) = 8 - 13 + 8 + 7*a. List the prime factors of u(9).
2, 3, 11
Let a(f) = 2*f**2 + 31*f + 19. Let o(d) = 4*d**2 + 63*d + 38. Let c(n) = 7*a(n) - 3*o(n). What are the prime factors of c(-16)?
83
Let d(k) = 16*k + 87. Let i(v) = 8*v + 44. Let b(s) = 2*d(s) - 5*i(s). What are the prime factors of b(-11)?
2, 3, 7
Let b(o) = -127*o + 10. Let m be b(-8). Let s be 9/15 - m/(-15). Suppose s = 3*d - 15. What are the prime factors of d?
2, 7
Let p(f) = 454*f - 157. What are the prime factors of p(4)?
3, 7, 79
Suppose -22464 = -24*s + 6*s. What are the prime factors of s?
2, 3, 13
Let t(p) = -3*p - 4. Suppose -j - 1 = 1. Let d be t(j). Suppose -1 = -d*u + 15. What are the prime factors of u?
2
Suppose 2*k = 2 + 8. Suppose -k*v = q - 4*q + 38, -2 = v - 2*q. Let u = v - -89. What are the prime factors of u?
79
Suppose -3*j - 16 = 2. Let a be ((-135)/(-20))/(j/16). What are the prime factors of 48/a*(-27)/4?
2, 3
Let v be (-16)/(-28) - 31/(-7). Suppose -v*w = -427 - 88. List the prime factors of w.
103
Let t(x) = x**2 + 5*x + 5. List the prime factors of t(-12).
89
Let o = 401 + -278. List the prime factors of o.
3, 41
Let w = -8 - -8. Suppose 3*j - 28 = -t + 4*j, -2*t - j + 44 = w. List the prime factors of t.
2, 3
What are the prime factors of 20/(((-650)/(-3980))/13)?
2, 199
Let j(t) = 4*t**3 + 93*t**2 + 31*t - 6. What are the prime factors of j(-21)?
2, 3, 23
Let z = 56 + -52. What are the prime factors of 7*14 - (z + -5)?
3, 11
Suppose 0*y - 4*y = 5*h + 93, y = -2*h - 27. Let l(i) = i**2 + 15*i - 5. List the prime factors of l(y).
29
Let o = -973 + 1492. List the prime factors of o.
3, 173
Let g(x) = 3*x**2 + 40*x - 34. What are the prime factors of g(-16)?
2, 47
Let a(f) = 24*f - 1. Let p be 272/32 - (-1)/2. Let g be a(p). Suppose 5*j + 0 - g = 0. What are the prime factors of j?
43
Suppose 0 = g - 2*g + 20. Let a = g + 128. List the prime factors of a.
2, 37
Let z = -494 + 1424. What are the prime factors of z?
2, 3, 5, 31
Let x(n) = 20*n - 1. Let d be x(1). Let z be -7 + d + (-4)/2. Let h = z + 46. List the prime factors of h.
2, 7
Let w(v) = 4*v**3 + 13*v**2 + 2 - 5*v**3 - 3*v**3 + 3*v**3 + 25*v. List the prime factors of w(14).
2, 3, 13
Let k be 3/((-3)/6*-3). Suppose 2*u + 3*u - c - 25 = 0, k*u = c + 13. List the prime factors of u.
2
Let l be (-7)/((-42)/4)*-21. Let h = -11 - l. Suppose h*q = -q + 156. What are the prime factors of q?
3, 13
Let z be (-34)/(-4) - 6/4. Let i be -1*(-2 + z) + 4. Let v(t) = 36*t**2 - 1. List the prime factors of v(i).
5, 7
Let l(k) = 17*k - 44. List the prime factors of l(22).
2, 3, 5, 11
Suppose -3212 = -5*l - 3*u - 0*u, -4*l - 3*u = -2569. List the prime factors of l.
643
Let f(o) = o - 14. Let i be f(10). Let c be (78/(-3))/(2/i). Suppose 0 = -3*s + s + c. List the prime factors of s.
2, 13
Let c = -1332 - -1654. List the prime factors of c.
2, 7, 23
Let w = -54 - -58. Suppose y + 0*y = -2*s + 82, -3*y = -w*s - 266. What are the prime factors of y?
2, 43
Let v(u) = 15*u - 31. List the prime factors of v(5).
2, 11
Suppose 5*g - 15 = 2*g. Suppose -x - 24 = -g*x. Suppose -22 = -p + x. List the prime factors of p.
2, 7
Let s(y) = 126*y - 40. List the prime factors of s(5).
2, 5, 59
Let c be 83 + (-6 - -3) + 0. Suppose -8*x + 3*x = -g - c, -4*g + 32 = 2*x. Suppose -d - 5*h + x = 2*d, -5*d - 2*h + 33 = 0. What are the prime factors of d?
7
Suppose 5*v + 5*q - 775 = -0*v, 10 = 5*q. Suppose v + 2 = 5*k. What are the prime factors of k?
31
Suppose 3*n = -s + 2*n + 359, -2*n = -5*s + 1816. Let f = 619 - s. List the prime factors of f.
257
Let s = -422 - -934. List the prime factors of s.
2
Let y(f) be the first derivative of 10*f**3/3 - 5*f**2/2 - 5*f - 27. What are the prime factors of y(3)?
2, 5, 7
Suppose -4*s + 2016 = 2*m, -2*s - 2*m = -1217 + 209. List the prime factors of s.
2, 3, 7
Let b = 26 - 14. Suppose -11*z = -b*z - 66. Let n = -16 - z. What are the prime factors of n?
2, 5
Let b(w) = 2*w**2 + 3*w - 14. Let c(o) = o**2 + 4*o - 15. Let t(g) = 4*b(g) - 3*c(g). Let d be t(-9). Suppose 144 = -5*r + d. List the prime factors of r.
2, 5
Suppose -57 = -2*q + 9. Suppose j - 31 - q = 0. Let n = j + -25. What are the prime factors of n?
3, 13
Suppose -2*r = 5*z - 1334, 2*r - 5*z - 1305 - 69 = 0. What are the prime factors of r?
677
Let v = 847 - -670. List the prime factors of v.
37, 41
Let p = 118 + -48. Suppose 2*l - 5*o - p = l, 3*l - 162 = -o. List the prime factors of l.
5, 11
Let n(f) = -73*f - 22. Let m be n(-2). Let d = 19 + m. What are the prime factors of d?
11, 13
Let c be (126/(-45))/(1/(-120)). Suppose 6 = -2*t, -2*n + 3*t - t = -c. Suppose -2*m - 2*m + 4*b = -120, 5*b = -4*m + n. List the prime factors of m.
5, 7
Let k(d) = 3*d**2 + 4*d + 6. Let q be k(-7). Suppose 4*n + t = 32 + 213, 2*n + 3*t = q. Suppose -f = -4*h + n, -f - 22 = -5*h + 54. List the prime factors of h.
3, 5
Suppose -9*n + 28935 - 8172 = 0. List the prime factors of n.
3, 769
Let o(n) = 2*n**3 + 4*n**2 + n - 4. Let f(r) = 2*r**3 + 4*r**2 + 2*r - 5. Let b(y) = 3*f(y) - 4*o(y). What are the prime factors of b(-4)?
3, 19
What are the prime factors of 2/5*(1613 + -38)?
2, 3, 5, 7
Suppose -2*u + 939 + 1221 = 0. List the prime factors of u.
2, 3, 5
Let u(z) be the third derivative of 10*z**4/3 - z**3/6 + 4*z**2. Let c be u(1). Suppose 3*v = -2*h + 43, 4*h + c = -0*v + 5*v. List the prime factors of v.
3, 5
Let v(w) = 3*w**3 - 22*w**2 + 12*w - 21. List the prime factors of v(9).
2, 3, 41
Let s(z) = -4*z - 1. Let n be s(-2). Let i = 470 - 459. Suppose -n*j - 20 = -i*j. List the prime factors of j.
5
Let f = -1301 + 2945. List the prime factors of f.
2, 3, 137
Let q(t) = 4*t - 83. List the prime factors of q(29).
3, 11
Suppose 5*r + 1046 = 3*q, 689 = -2*q + 4*q - 5*r. What are the prime factors of q?
3, 7, 17
Let z(k) = k + 3. Let w be z(-1). Let j(u) = 13*u + w - 12*u + 10. List the prime factors of j(4).
2
Let d(g) be the third derivative of g**4/24 + 2*g**3 - 6*g**2. Let i be d(-7). Suppose 36 = -i*t + 8*t. List the prime factors of t.
2, 3
Let j = -235 + 528. What are the prime factors of j?
293
Let h be 3/(3 - 6)*-7. Let i = -5 + h. Suppose 117 = i*x + x. What are the prime factors of x?
3, 13
Let i(g) = -g + 8. Let f be i(8). Suppose -5*z + 140 = y, -5*z + z + 3*y + 131 = f. List the prime factors of z.
29
Let r(h) = -51*h + 8. Let p be r(-7). List the prime factors of (-1 + 2)/(5/p).
73
Suppose -3*z + 0*z = -3. Suppose 0 = y - 3*y - 2*f - 72, -140 = 5*y - 5*f. Let k = z - y. What are the prime factors of k?
3, 11
Let y = 7 + -4. Let x(f) = 2*f**3 - f**2 + f. List the prime factors of x(y).
2, 3
Let h(g) be the third derivative of -6*g**2 - 7/6*g**3 + 0 - 1/4*g**4 + 0*g. List the prime factors of h(-5).
23
Let c(v) = -v**2 - 4*v - 2. Let x be c(0). Let j be (-3 + 1)*(-26)/4. Let y = j + x. List the prime factors of y.
11
Let b = -171 - -302. Suppose -s + b = 3*d, 0*s = 5*s - 2*d - 621. List the prime fac